m is divided by 7 + -1 + 2 - -2?
8
Suppose 4*i - 2*i = 6. Suppose i*z - 72 - 189 = 0. What is the remainder when z is divided by 22?
21
Let n = 21 - 10. Let k = 26 - 48. Let i = 42 + k. What is the remainder when i is divided by n?
9
Let o(q) = -q**2 - 9*q - 7. Suppose -2 = 3*t - 4*t. Suppose 0*h + t*h - 26 = 0. What is the remainder when h is divided by o(-7)?
6
What is the remainder when (7049/56 - (-2)/16) + 0 is divided by 16?
14
Calculate the remainder when (-6)/4*-13*44/3 is divided by 48.
46
Suppose -3*d + 302 = 5*t, -4*t + 0*d + 246 = -2*d. What is the remainder when t is divided by 17?
10
Let y(b) = b**2 - 6. Let d = -32 - -58. Calculate the remainder when d is divided by y(-4).
6
Let p = 83 - 46. Calculate the remainder when p is divided by 8.
5
Suppose 9*t - 20 = 4*t. Suppose 5*r - k - 12 = 0, t*k = -r - 4*r + 27. Suppose r*i - 88 = -i. Calculate the remainder when i is divided by 12.
10
Let x(q) = -q + 1. Let n be x(-3). Suppose -2*j - 5*p = 0, -n*j = 4*p - 35 + 11. Calculate the remainder when 18 is divided by j.
8
Let b(u) = 5*u + 2. Let q be b(2). Suppose t + q = 3*t. What is the remainder when 9 is divided by t?
3
Suppose -22 = -3*v + g, -4*v - 12 + 50 = 3*g. Let r be -2*1 + (-86)/(-2). Let t = -18 + r. What is the remainder when t is divided by v?
7
Suppose -46 = -k + 2*f, -3*f + 5 = -1. What is the remainder when k is divided by 17?
16
Let p = 21 + -5. What is the remainder when 157 is divided by p?
13
Let r(y) = 5*y**2 - 5*y - 11. Calculate the remainder when r(-3) is divided by 25.
24
Let k = 13 - 3. Let o = -5 + 32. Calculate the remainder when o is divided by k.
7
Suppose 4*z - 5*h = 151, 5*h - 86 = -4*z + 35. Calculate the remainder when z is divided by 5.
4
Suppose 79 = 4*t + c, 3*t + 6*c = 5*c + 59. What is the remainder when t is divided by 13?
7
Let q(d) = -3*d - 3. Let z be q(5). Let v be ((-12)/z)/((-1)/(-3)). Suppose -l - 1 = 2*j - 2, -v*l + 12 = -j. Calculate the remainder when 12 is divided by l.
2
What is the remainder when 140 is divided by (-1 - 38/(-2)) + -5?
10
Let w(f) = -f**2 + 14*f - 4. What is the remainder when w(13) is divided by 4?
1
What is the remainder when 38 is divided by -3 - 0 - -2 - -14?
12
Calculate the remainder when 61 is divided by 352/24 + 4/3.
13
Calculate the remainder when 9 is divided by 49/14*4/7.
1
Suppose -2*p = -i, 4*p + 4 = 2*i + 2*i. Suppose -3 = -i*u - u. Let l(d) = -d**3 - 6*d**2 + 2. What is the remainder when l(-6) is divided by u?
0
Let m = 31 + -16. Calculate the remainder when 30 - (0 - -3) - (1 + 1) is divided by m.
10
Let y = 49 + -13. Calculate the remainder when y is divided by 10.
6
Let q(m) = 3*m**3 + 2*m - 1. Let g be q(1). Let c = g + -2. Suppose -2*o + 4*h = -0*o - 32, c*h = -6. Calculate the remainder when 18 is divided by o.
8
Suppose 3*b - 2*b + 2*i = 18, -5*b - i + 72 = 0. Suppose -6*u = -4*u - 5*l - 67, 2*l = 3*u - 84. What is the remainder when u is divided by b?
12
Suppose 3*p - 3 = 3. Suppose -3*j = p*j. Suppose m = -j*m + 41. What is the remainder when m is divided by 14?
13
Let b = -8 - -12. Suppose -155 = -b*x + 29. Calculate the remainder when x is divided by 16.
14
Let z(p) = 56*p**3 + 2*p**2 - p. Calculate the remainder when z(1) is divided by 15.
12
Suppose 3*q - 45 = -3*d, 3*q - 5*d - 12 - 33 = 0. Let r be -38 + -2*(-2)/(-4). Let l = -10 - r. What is the remainder when l is divided by q?
14
What is the remainder when (1*-1)/(3*(-6)/882) is divided by 4?
1
Let k = 13 + -22. Let u = 51 - k. Suppose -3*i - i = -u. What is the remainder when 44 is divided by i?
14
Suppose 3*n - 68 = -5*l, -l = -4*l + 3. What is the remainder when 39 is divided by n?
18
Calculate the remainder when 46 is divided by (-416)/(-26) - (1 - -3).
10
Let k be 6*2/6*1. Let n(o) = 3*o - 5*o**2 + 0 + 6*o**k + 4. What is the remainder when 14 is divided by n(-3)?
2
Suppose 14*z = 6*z + 16. Calculate the remainder when (1/(-1))/(2/(-4)) is divided by z.
0
Calculate the remainder when 56 is divided by 232/12 + (-1)/3.
18
Suppose 3*a + 0 = 9. Suppose 4*d - 107 = -f, -a*d + 4*f = 2*d - 139. Calculate the remainder when d is divided by 14.
13
Suppose -5*c = -85 - 30. Calculate the remainder when c is divided by 13.
10
Suppose -3*a = 16 + 8. Calculate the remainder when 6 is divided by (3 + (-7)/2)*a.
2
Suppose -2*g = 4*q, g + 3*q = -0*g - 2. Let c(x) = 2*x**2 - 4. Let z be c(g). Suppose 2*m = -0*m + z. Calculate the remainder when 27 is divided by m.
13
Let j be 2*(3 - 2)/(-1). What is the remainder when 408/16 + 1/j is divided by 9?
7
Let s be 3*1 + -47 + 0. Let u = -34 + 53. What is the remainder when u is divided by 2/11 - 432/s?
9
Suppose 2 = -5*n + 12. Suppose -n*v + v + 22 = -4*t, -4*v = t - 156. Calculate the remainder when v is divided by 20.
18
Suppose 3*b - 40 = 2*b. What is the remainder when b is divided by 11?
7
Suppose -o + 38 = r + 3*o, 0 = 2*r - 2*o - 26. Let a = 21 - r. Calculate the remainder when (-4)/(-14) + 52/14 is divided by a.
1
Let m = -128 + 132. Calculate the remainder when 22 is divided by m.
2
Let h(q) = 3*q - 9. Let u be h(7). Calculate the remainder when 78/(-4)*u/(-9) is divided by 14.
12
Calculate the remainder when 30 is divided by ((-48)/10)/(12/(-40)).
14
Suppose 5*m - 160 = -5*m. What is the remainder when 92 is divided by m?
12
Suppose -2 - 5 = -r. Calculate the remainder when r is divided by (-7)/(21/(-36))*9/27.
3
Suppose 2*x + 21 + 3 = 0. What is the remainder when -2 - (1 + x/3) is divided by 1?
0
Suppose t = -2*b + 13, 2*t - 31 = -0*t - 5*b. Calculate the remainder when 11 is divided by t.
2
Suppose -7 = 5*n - 22. Let f(c) = -c**3 - c**2 + 6*c + 4. Let v(t) = -t + 6. Let q be v(9). Calculate the remainder when f(q) is divided by n.
1
Let f = -48 + 21. What is the remainder when 14 is divided by 2/9 - 129/f?
4
Suppose -70 = -4*o + 3*n, o + 2*n - 5*n = 13. What is the remainder when o is divided by 8?
3
Let u = -21 + 62. Calculate the remainder when u is divided by 14.
13
Suppose 4*s - 108 = -0*s. Suppose 4*l - 3 = 1. Calculate the remainder when s is divided by -5*(-42)/15*l.
13
Let b(q) = -7*q - 17. Let t = -14 - -23. Suppose y = t + 11. What is the remainder when y is divided by b(-4)?
9
Let d = -55 + 109. Calculate the remainder when d is divided by 11.
10
Suppose i - 23 = 6. Suppose 3*m + i = l, -8*m - 51 = -3*m - l. Calculate the remainder when 38 is divided by (-2 - -4) + m/(-1).
12
Let m = -4 - -6. Suppose 3*p + 63 = m*s + s, -p - 4 = 0. Let n(c) = 12*c**2 - 10*c - 19. Calculate the remainder when n(-2) is divided by s.
15
Let p = 30 - 11. What is the remainder when 73 is divided by p?
16
Let g be 1*(1 - 2)*2. Let w(m) = -m**2 - 5*m**3 + 9*m - 12*m - m**2. What is the remainder when w(g) is divided by 13?
12
Let k = 111 + -98. What is the remainder when k is divided by 8?
5
Let b = -5 - -9. Suppose -b*x + 0*x + 72 = 0. What is the remainder when 69 is divided by x?
15
Let n = -98 - -120. Suppose 41 = -4*s + 5*b, s + 2*b + 6 = -3*s. What is the remainder when n is divided by ((-5 - -1) + 1)*s?
10
Suppose -5*s + 33 = -a, s + 8 = -5*a - 1. Let i = 61 - 16. What is the remainder when (1 - i/(-6))*2 is divided by s?
5
Suppose -27*h = -26*h - 37. Calculate the remainder when h is divided by 14.
9
Let g(z) = 3*z + 19. What is the remainder when g(17) is divided by 8?
6
Calculate the remainder when 19 is divided by -21*4/(-12) + 4.
8
Let f(l) = -l**2 - 6*l - 2. Let g(c) = -c**2 + c + 8. Let v be g(4). What is the remainder when f(v) is divided by 3?
0
What is the remainder when 3/12*4*14 is divided by 9?
5
Let b be 3/1 + -4 + 6. Let o = -4 + b. Suppose o + 5 = w. Calculate the remainder when 21 is divided by w.
3
Suppose o = t - 32, -3*t = 5*o - 7*o - 99. What is the remainder when 137 is divided by t?
32
Let d = -32 - -51. Calculate the remainder when 74 is divided by d.
17
Let a be (-47)/(-9) - 4/18. Let o = 2 + a. What is the remainder when o is divided by 2?
1
Let r = -7 - -19. Calculate the remainder when 57 is divided by r.
9
Let r(z) = 7*z - 4. Suppose -6*d + 33 = -3*d. Calculate the remainder when r(5) is divided by d.
9
Let x be 0/((-1)/(-1)) - -2. Suppose 3*h - 41 = -8*r + 4*r, 0 = -x*r + 5*h + 53. Calculate the remainder when 40 - (-2 + (-2 - -3)) is divided by r.
13
Suppose -2 = m - 8. Let y be (m/3 - 2) + 2. Suppose 35 = y*x +